449093?
5
What is the millions digit of 250099380?
0
What is the ten thousands digit of 636647820?
4
What is the hundreds digit of 36201084?
0
What is the hundred thousands digit of 319231937?
2
What is the tens digit of 1110462110?
1
What is the units digit of 56965014?
4
What is the units digit of 1361959?
9
What is the millions digit of 737404932?
7
What is the thousands digit of 46691450?
1
What is the ten millions digit of 262858065?
6
What is the tens digit of 39499610?
1
What is the units digit of 187883473?
3
What is the millions digit of 6320430175?
0
What is the ten thousands digit of 3295572539?
7
What is the hundreds digit of 397545359?
3
What is the millions digit of 593302950?
3
What is the hundred millions digit of 1075592780?
0
What is the hundred thousands digit of 786520311?
5
What is the hundreds digit of 3104167666?
6
What is the units digit of 41434623?
3
What is the hundred thousands digit of 261221189?
2
What is the tens digit of 4200051816?
1
What is the hundred millions digit of 138467866?
1
What is the tens digit of 1036364051?
5
What is the ten millions digit of 557166171?
5
What is the units digit of 443340895?
5
What is the tens digit of 4408060569?
6
What is the hundred thousands digit of 8068972541?
9
What is the ten millions digit of 22076525?
2
What is the units digit of 1854866051?
1
What is the units digit of 6780059454?
4
What is the ten thousands digit of 26516792?
1
What is the units digit of 35236342?
2
What is the ten thousands digit of 103520426?
2
What is the units digit of 416203239?
9
What is the hundreds digit of 69007757?
7
What is the ten thousands digit of 1280654552?
5
What is the ten millions digit of 1947693420?
4
What is the hundred thousands digit of 690064775?
0
What is the hundred thousands digit of 3444087041?
0
What is the units digit of 64560772?
2
What is the hundreds digit of 1714146125?
1
What is the units digit of 280274962?
2
What is the millions digit of 396834810?
6
What is the units digit of 36530543?
3
What is the hundreds digit of 18859783?
7
What is the tens digit of 270568677?
7
What is the units digit of 217472649?
9
What is the billions digit of 1669027935?
1
What is the hundred thousands digit of 31414332?
4
What is the ten millions digit of 44231197?
4
What is the tens digit of 33769028?
2
What is the hundreds digit of 202033515?
5
What is the ten thousands digit of 943963984?
6
What is the tens digit of 686772784?
8
What is the ten thousands digit of 37485401?
8
What is the thousands digit of 278877701?
7
What is the hundred thousands digit of 21557932?
5
What is the ten thousands digit of 88191923?
9
What is the ten thousands digit of 130369021?
6
What is the units digit of 267559910?
0
What is the thousands digit of 654759021?
9
What is the hundred thousands digit of 72577862?
5
What is the ten thousands digit of 833488913?
8
What is the tens digit of 338588382?
8
What is the tens digit of 596513737?
3
What is the millions digit of 174786932?
4
What is the hundreds digit of 156955474?
4
What is the ten thousands digit of 15915340?
1
What is the ten thousands digit of 10841164?
4
What is the units digit of 2736482656?
6
What is the thousands digit of 347305465?
5
What is the ten thousands digit of 1196876485?
7
What is the thousands digit of 284831623?
1
What is the hundreds digit of 101472127?
1
What is the ten millions digit of 50065652?
5
What is the ten thousands digit of 654673617?
7
What is the units digit of 1750563326?
6
What is the thousands digit of 213047761?
7
What is the millions digit of 131682460?
1
What is the ten millions digit of 2083949012?
8
What is the hundred millions digit of 541141635?
5
What is the ten thousands digit of 342250869?
5
What is the millions digit of 721099135?
1
What is the units digit of 28357000?
0
What is the hundred millions digit of 578467043?
5
What is the thousands digit of 5800595850?
5
What is the tens digit of 647609385?
8
What is the ten millions digit of 90667827?
9
What is the ten thousands digit of 82083156?
8
What is the millions digit of 75703845?
5
What is the ten thousands digit of 580162276?
6
What is the ten millions digit of 3878250902?
7
What is the ten thousands digit of 821701540?
0
What is the units digit of 290590650?
0
What is the thousands digit of 32823847?
3
What is the hundred thousands digit of 2294899858?
8
What is the ten thousands digit of 1154964?
5
What is the hundred millions digit of 237105869?
2
What is the units digit of 57793719?
9
What is the units digit of 42320706?
6
What is the tens digit of 314660748?
4
What is the hundred millions digit of 1710079334?
7
What is the hundreds digit of 110341394?
3
What is the tens digit of 38309877?
7
What is the tens digit of 199518426?
2
What is the thousands digit of 139632859?
2
What is the ten thousands digit of 45218195?
1
What is the billions digit of 5584762310?
5
What is the hundred millions digit of 6847655688?
8
What is the ten thousands digit of 80628587?
2
What is the ten millions digit of 250698570?
5
What is the hundred thousands digit of 22055942?
0
What is the tens digit of 1627944723?
2
What is the millions digit of 12169754?
2
What is the units digit of 1865649676?
6
What is the hundred millions digit of 195478493?
1
What is the tens digit of 47067422?
2
What is the ten millions digit of 88676513?
8
What is the thousands digit of 196371516?
1
What is the tens digit of 8053909?
0
What is the hundreds digit of 16743574?
5
What is the ten millions digit of 843134379?
4
What is the tens digit of 17566166?
6
What is the units digit of 220373476?
6
What is the hundreds digit of 103365507?
5
What is the ten thousands digit of 2290477398?
7
What is the ten thousands digit of 186059954?
5
What is the ten thousands digit of 33777505?
7
What is the billions digit of 3211520638?
3
What is the hundreds digit of 163966269?
2
What is the hundreds digit of 3454222?
2
What is the ten millions digit of 85960656?
8
What is the units digit of 82478894?
4
What is the ten millions digit of 2913120278?
1
What is the units digit of 1109360537?
7
What is the ten thousands digit of 35269595?
6
What is the ten millions digit of 291535915?
9
What is the hundred millions digit of 4575361390?
5
What is the tens digit of 96749465?
6
What is the ten thousands digit of 24210543?
1
What is the hundred thousands digit of 34997336?
9
What is the hundred thousands digit of 93751993?
7
What is the tens digit of 20497115?
1
What is the units digit of 727251423?
3
What is the millions digit of 139677969?
9
What is the units digit of 3885969011?
1
What is the millions digit of 432599907?
2
What is the thousands digit of 468267401?
7
What is the millions digit of 486554398?
6
What is the units digit of 6610234292?
2
What is the ten millions digit of 1782890838?
8
What is the millions digit of 79059296?
9
What is the ten thousands digit of 489671243?
7
What is the ten thousands digit of 4138552?
3
What is the units digit of 168251556?
6
What is the hundred millions digit of 258052789?
2
What is the hundred millions digit of 147710260?
1
What is the ten thousands digit of 1535075431?
7
What is the ten millions digit of 1149676195?
4
What is the thousands digit of 69251220?
1
What is the millions digit of 1204748108?
4
What is the units digit of 6207821?
1
What is the millions digit of 126993234?
6
What is the hundred millions digit of 251830334?
2
What is the hundreds digit of 185628915?
9
What is the millions digit of 953174486?
3
What is the ten millions digit of 4747925799?
4
What is the hundreds digit of 1656843396?
3
What is the hundred thousands digit of 44679204?
6
What is the units digit of 24859085?
5
What is the millions digit of 101689963?
1
What is the units digit of 5935791278?
8
What is the hundreds digit of 9257898?
8
What is the units digit of 1677833060?
0
What is the hundreds digit of 37463241?
2
What is the units digit of 2755288032?
2
What is the millions digit of 73723265?
3
What is the hundred thousands digit of 291058184?
0
What is the hundred thousands digit of 75309603?
3
What is the units digit of 350981522?
2
What is the hundred millions digit of 5082419351?
0
What is the hundreds digit of 159784658?
6
What is the tens digit of 858074114?
1
What